be r(9). What is the remainder when h(l) is divided by 20?
18
Let k(y) = 66*y + 1. Let i = -796 + 813. What is the remainder when k(2) is divided by i?
14
Suppose 4*k = 9*k - 5, -2*j + 100 = 2*k. Calculate the remainder when 240 is divided by j.
44
Let u(t) = -t**2 + 7*t - 1. Suppose 5*g = 0, 99*p - 3*g - 34 = 97*p. Calculate the remainder when p is divided by u(5).
8
Suppose -4*u + 483 = -5*t, 283 = 2*u + 4*t + 35. Suppose u = 3*h - 4*s + 10, 5*h + 2*s - 178 = 0. What is the remainder when 70 is divided by h?
34
Let k = 32 + -4. Suppose 4*d + 27 = 3*u + 3*d, 2*u = 4*d + k. What is the remainder when 9 is divided by (-3 + -1)/(u/(-12))?
3
Suppose 49*i = 12*i + 1887. Calculate the remainder when 167 is divided by i.
14
Let q(g) = 6*g**2. Let k be (1 - -1) + (-4 - -1). Calculate the remainder when q(k) is divided by 4/(-14) + (-23)/(-7).
0
Suppose -16*y + 14*y = 8, -3*t - 3*y + 606 = 0. What is the remainder when t is divided by 97?
12
Let y(t) = t**2 + 6*t - 1. Let g be y(-7). Suppose -g*i + 4*i = -48. Let z = -11 + i. What is the remainder when 50 is divided by z?
11
Suppose x = -o + 109, 2*o - o + 4*x - 109 = 0. Let g = o - 104. Let u = 16 - 7. What is the remainder when u is divided by g?
4
Let h be (-1)/((-4)/(-6)*3/(-4)). Calculate the remainder when 19 is divided by (80/(-112))/(h/(-14)).
4
Let j be 79 + (-4 - (-5 + 2)). Suppose j = 7*h - 146. Calculate the remainder when h is divided by 18.
14
Let v(x) be the third derivative of x**6/120 + x**5/6 + x**4/3 - x**3/6 + x**2. Let g = 45 - 51. What is the remainder when v(g) is divided by 32?
31
Let t(p) = -p**2 + p + 100. Let m = -1363 + 1380. What is the remainder when t(0) is divided by m?
15
Let o(l) be the third derivative of -l**5/60 + 5*l**4/24 + l**3/3 + l**2. Let c = -62 + 92. What is the remainder when c is divided by o(3)?
6
Suppose -1571 = -3*n - 2*y - 51, -2*n + y + 1025 = 0. What is the remainder when n is divided by 103?
98
Let x(j) = 1706*j + 72. Let t be x(8). What is the remainder when t/112 - -2*(-2)/8 is divided by 42?
38
Let x be 5 + -25 - 1/(-1). Let g = x - -23. Suppose -g*s = -51 - 133. Calculate the remainder when s is divided by 12.
10
Suppose 0 = -v + 19 + 1. Let x = 3 - 2. Calculate the remainder when 1/(-3) - v/(-6) is divided by x.
0
Let r(p) = 2*p**2 + 3*p - 2. Let c be r(1). Suppose 4*k - 4 = c*f, 2*k + 5*f = 11 + 17. What is the remainder when 107 is divided by (42/(-35))/(k/(-90))?
26
Let g = 274 - 195. Calculate the remainder when g is divided by 17.
11
Calculate the remainder when -9 + (18 - 4) + 264 + 1 is divided by 34.
32
Suppose 38*t + 457 = 4903. Suppose 3*x - 25 = 47. Calculate the remainder when t is divided by x.
21
Let l be ((-10)/3)/(16/(-24)). Suppose l*z = -5*q + 175, -4*q - 2*z + 85 + 55 = 0. What is the remainder when q is divided by 25/5 + -1 + 8?
11
Let r = 0 + 9. Calculate the remainder when 3/(-2)*((-354)/r + -2) is divided by 16.
14
Let o(w) = 8*w + 4. Let y be o(0). Suppose 0 = -2*j + v + 76, -y*j + 10*v = 5*v - 158. What is the remainder when 104 is divided by j?
30
Suppose 5*u = b + 24, 0*b = 4*b - 4. Suppose u*r = -3*d + 41, -5*d = -10 - 0. What is the remainder when r is divided by 2/6*15 - 2?
1
Let h = 50 - 44. What is the remainder when (17/(-3))/((-6)/18) is divided by h?
5
Suppose 4*c - 76 = -208. Calculate the remainder when 24 is divided by c/(2 - 5) - 5.
0
Let q be (-12)/54 + (-2902)/(-18). Let a = q - 69. Suppose -4*u - 31 = -107. What is the remainder when a is divided by u?
16
Let y(g) = g**3 + 12*g**2 + 14. Let k be y(-12). Calculate the remainder when k + (-2)/(2*(-4)/12) is divided by 6.
5
Suppose -17*n - 804 = -4697. What is the remainder when n is divided by 21?
19
Let n(u) = 7*u**3 + 2*u**2 + 2*u - 3. Suppose 0 = -4*r + 5*o + 98, 35*r - 34 = 33*r - 5*o. Calculate the remainder when n(2) is divided by r.
21
Suppose -2*t - t = -42. Suppose -3*j - 213 = -4*k, 0 = k - 4*j + 2*j - 52. What is the remainder when k is divided by t?
12
Suppose 0 = 5*y - 15, -5*f = -8*f - 4*y + 249. Calculate the remainder when f is divided by (-3)/(-6)*(43 - 1).
16
Let n = -71 - -166. Let z = 173 - n. Calculate the remainder when z is divided by 12.
6
Let m be -2 + 3 + -2 + -90. Let c = -64 - m. What is the remainder when c is divided by 11?
5
Let i(x) = 34*x**2 + 2. Calculate the remainder when i(2) is divided by 7.
5
Suppose -5*s = -5*q + 40, 81 - 17 = 3*q + 5*s. What is the remainder when 20 is divided by q?
7
Suppose -4*d = -d - 216. Let w = 146 - d. Calculate the remainder when w is divided by 25.
24
Let s(n) = n**3 - 4*n**2 - 79*n - 13. What is the remainder when 197 is divided by s(-6)?
96
Suppose 0*g + g = 3, 5*g - 19 = -f. Let c = -13 + 27. Calculate the remainder when c is divided by f.
2
Let s(x) = 2*x**2 - 6*x - 3. Let a(y) = -12*y**3 + y**2 + y + 1. Let t be a(-1). Suppose -2 = -3*n + t. Calculate the remainder when 66 is divided by s(n).
15
Suppose -21 = -3*k - 12. Suppose 0 = -k*l + 3. Calculate the remainder when 82 is divided by 85*l*(-1)/(-5).
14
Let n be 1 + 5072/(-12)*-3. Suppose -11*o + n = -2*o. Calculate the remainder when o is divided by 36.
33
Let n(d) = -d**2 + 11*d + 4. Let k be n(11). Suppose 3*z + 3*s - 33 = 0, z + 4*z = k*s + 46. What is the remainder when z is divided by 2/3*(-6)/(-2)?
0
Suppose -6*o - 60 = -11*o. Suppose -n - q + 254 = 3*n, -4*n + 3*q = -246. Let j = n - 16. Calculate the remainder when j is divided by o.
11
Let k be (-1)/1 + 3 + -1. Let l = k + 5. Suppose -m = 3, l*h - 4*h = 3*m + 59. Calculate the remainder when h is divided by 14.
11
Suppose -5*o + 63 = -3*g + 404, 5*g + 4*o = 556. Calculate the remainder when g is divided by 23.
20
Let o = 2978 - 2580. Calculate the remainder when o is divided by 80.
78
Suppose -25*z + 26*z - 37 = 0. What is the remainder when 100 is divided by z?
26
Let b = -125 + 265. Calculate the remainder when b is divided by 48.
44
Let s = 1643 - 1257. Calculate the remainder when s is divided by 79.
70
Suppose -4*q + 5*s = -1 - 42, -5*q + s = -38. Let r(p) = -p**2 + 9*p - 6. Calculate the remainder when 46 is divided by r(q).
6
Let k(v) = -2*v**3 - v**2 + 5*v + 2. Let q be k(-2). Let o(y) = y**2 + 2*y - 8. Calculate the remainder when 46 is divided by o(q).
14
Let a(z) = 16 + 4 - 5*z**2 + 6*z**2. Let v = 237 + -159. Calculate the remainder when v is divided by a(0).
18
Suppose 41*b - 28*b - 286 = 0. What is the remainder when b is divided by 7?
1
Let g(q) = 2*q**2 - 20*q + 6. Let d(c) = -c**2 + 10*c - 3. Let a(y) = -9*d(y) - 4*g(y). What is the remainder when 8 is divided by a(10)?
2
Let r = -11 - -20. Let c be (0 + 0)/(r + -7). Suppose 0 = 3*t - c - 21. What is the remainder when 12 is divided by t?
5
Let n = 78 - 2. Let k = n + -57. What is the remainder when 36 is divided by k?
17
Suppose 0 = 6*v - 90 - 696. Calculate the remainder when v is divided by 17.
12
Calculate the remainder when ((-33)/15)/(-6 - (-29)/5) is divided by 3.
2
Let x = 1 + -1. Let c(w) = w + 43. Let q = -14 + 29. Calculate the remainder when c(x) is divided by q.
13
Let r(u) = u**3 + 3*u**2 - 2*u + 2. Let a be r(3). Suppose 25 = 2*o - 13. Calculate the remainder when a*((-18)/(-4))/3 is divided by o.
18
Let v = -66 + 108. Suppose 69 = -2*s + 79. Suppose -s*y + 27 = -2*y. What is the remainder when v is divided by y?
6
Suppose 0 = a - 4, 29 = 3*b - 5*a + 10. Let p = -6 - -41. What is the remainder when p is divided by b?
9
Suppose -7*s = -2*s - 50. Let c be (15/s*-2)/(-1). Calculate the remainder when (-8)/(-12) - (-25)/c is divided by 2.
1
Let x(k) = k**3 - k**2 - 6*k + 6. Suppose -4*y - 2 = -14. Calculate the remainder when x(3) is divided by y.
0
Let a(w) = -w**3 + 30*w**2 - 78*w - 8. Calculate the remainder when 502 is divided by a(27).
64
Suppose 0 = 4*c + 13*k - 12*k - 1584, 0 = -2*c - 2*k + 798. Calculate the remainder when c is divided by 386.
9
Let f = 76 - 48. Let a = 25 + -7. Calculate the remainder when 8/f + (-362)/(-7) is divided by a.
16
Suppose 0 = -15*x + 538 + 317. Calculate the remainder when x is divided by 9.
3
Let i = 12 - 15. Let c = i - -12. Let q(o) = -o**3 + 5*o**2 + 2*o - 5. What is the remainder when c is divided by q(5)?
4
Let x = -1 - -6. Suppose 239 = x*u + 3*m, -3*u + m - 15 + 150 = 0. What is the remainder when u is divided by 6?
4
What is the remainder whe